se -2*h - t = h - 43, 3*t + n = 0. What is the tens digit of h?
1
Let n be (-18)/81 + (-184)/(-18). Let p = -7 + n. What is the units digit of p?
3
Let q be (80/(-5))/(0 - 1). Let y = 1 - q. Let c = -5 - y. What is the tens digit of c?
1
Suppose 4*s - 20 = -s. Suppose -4*u - s = 3*w, 2*u = -0*w + w - 12. What is the units digit of w?
4
Let c = 1 - -1. Suppose 4*r = c*t - 32, 2*t = t - 5*r - 19. Suppose -t = -3*m - 0*m. What is the units digit of m?
2
Suppose -3*n = y - 15, -2*n + y + 5 = -n. Suppose -2*o + 60 = p, n*p = -o + p + 16. What is the units digit of o?
2
Let o = -41 - -113. What is the units digit of o?
2
Suppose -2*s = 3*f + s - 270, 4*f - 360 = 5*s. What is the tens digit of f?
9
Let z = -1 - -4. Suppose 3*x = 5*v + 5*x - 30, 18 = 3*v + z*x. What is the units digit of (-21)/2*v/(-9)?
7
Let i = -1 + 5. Suppose 2*o - i = -4*m, m + 5*o + 17 = -0*o. Suppose m*k + 2*n + 0*n = 25, -3*n - 5 = -4*k. What is the units digit of k?
5
Suppose 2*z = -2*x - 4, 0 = x + 5*z - 3*z + 6. Suppose -2*r + 96 = x*r. What is the tens digit of r?
2
Let v(m) = m**2 - 4*m - 7. Let y be v(7). Let q = y + -1. What is the tens digit of q?
1
Let j(h) = -2*h - 7. Let c be j(-5). Let k(d) = 6 + 2*d - 3 + c*d**3 - 4*d**3. What is the units digit of k(-2)?
7
Suppose -9*p - p + 360 = 0. What is the units digit of p?
6
Let i = -2 - -31. Suppose -2*b + 5*b + 5*l - 24 = 0, 0 = 2*b - l - i. What is the units digit of b?
3
Let x be ((-268)/(-6))/(26/39). Suppose 4*i = x + 81. What is the tens digit of i?
3
Let w(z) = 3*z**2 - 1. Let h be w(1). Suppose -4*v - 2*d + 2 = 0, 0 = 7*v - 3*v - 4*d + 28. What is the units digit of (1 - (v + h))/1?
1
Let c be -4 + 6/2 + -5. Let q(g) = -g**3 - 6*g**2 - 2*g. What is the units digit of q(c)?
2
Suppose -44 = 4*x + 5*n, 3*n - 17 = 4*x - 5. What is the units digit of 15/6*x/(-15)?
1
Let n(y) = y**3 - 5*y**2 - y + 2. What is the units digit of n(6)?
2
What is the tens digit of (-12)/6*(-17)/2?
1
Let x(m) be the third derivative of -m**4/6 - m**3/2 - m**2. Let z be x(-3). Let a = z + -4. What is the units digit of a?
5
Suppose 5*g - 4*g - m - 239 = 0, 3*g - m - 713 = 0. What is the tens digit of g?
3
Let t(v) = 2*v**3 - 7*v**2 + 5*v - 3. What is the tens digit of t(4)?
3
Suppose -4*p - p - 305 = 0. Let n be (-4)/(-18) + p/(-9). Let x = 1 + n. What is the units digit of x?
8
Let s(i) = i**3 - i**2 - i. What is the units digit of s(2)?
2
Suppose 5*y - 25 = -2*k, -5*k - y + 8 - 3 = 0. Suppose 0 = -a - k*a - 5*w + 9, -a - w = -13. What is the tens digit of a?
1
Let o(h) = h - 20. Let a(c) = c**2 + 4*c - 3. Let g be a(-6). Let p be o(g). Let i = 2 - p. What is the units digit of i?
3
Let t(i) = 9*i**2 - 3. Let f be t(-2). What is the units digit of f - (-3 - -3 - -2)?
1
Suppose 26 = 5*i + 1. Let g = i + -3. What is the tens digit of (13/g)/(1/2)?
1
Suppose -3*w - 4*i = -4, -w + 4 = -2*w - 4*i. Suppose 2*h + 10 = -m, -m - 2*h - w = -3*h. What is the units digit of (-2)/m*1*42?
4
Let f = -16 - -25. What is the units digit of f?
9
Let h be 0/(-2) - 1 - -6. Suppose -4*z - h = -25. What is the units digit of z?
5
Let q be ((-40)/15)/(2/(-3)). What is the units digit of q/6 + (-8)/(-6)?
2
Suppose 6*x - x = -2*p - 1, -p - 3*x = 3. What is the tens digit of p?
1
Let u = 4 + 2. Let l = u - -6. What is the tens digit of l?
1
Let j = 8 - -10. What is the tens digit of j?
1
Let b(i) = 2*i + 2. Let l be b(-4). What is the units digit of 196/8 + (-3)/l?
5
What is the units digit of (2 - 254/4)*(-140)/42?
5
Let f be -2 - (-3 + 65)*-1. Suppose -b + f = 3*b. What is the tens digit of b?
1
Suppose 0 = 2*d - 4, -3 - 5 = 2*m - 2*d. What is the units digit of (1 - m/3)*3?
5
Suppose 4*i = -13 - 3. Let y = i - 6. What is the tens digit of (1/1 - y) + 1?
1
Suppose -3*p - p = -32. Let n = p - 3. What is the units digit of n?
5
Let l(g) = 15*g + 58. What is the units digit of l(5)?
3
Let i = -5 - -33. What is the tens digit of i?
2
Suppose 0 = 14*b - 259 - 1449. What is the units digit of b?
2
Let a be 0 - 1/((-1)/2). Suppose -3*m = -a*o + 31, -5*m - 24 = -5*o + 66. Let x = o - 16. What is the units digit of x?
7
Let j(w) = -7 - 9 - 2*w + 8*w. Let f(t) = t - 1. Let m(g) = -8*f(g) + j(g). What is the units digit of m(-7)?
6
Let f(a) = -a + 12. Let x = 12 + -7. What is the units digit of f(x)?
7
Suppose 2*g = -0*g + s - 4, -5*g - 4*s + 3 = 0. What is the tens digit of 13 + 2 + 2/g?
1
Let d = 3 - -4. Let f(c) = -1 - 3 + 5 - c**3 + d*c**2. What is the units digit of f(7)?
1
Let z be (-2)/(2*(0 + 1)). Let v be z*1/(-1)*2. Suppose v*a - 5 - 6 = 5*d, -2*a = -4*d - 14. What is the tens digit of a?
1
What is the tens digit of 4/(-4) + 37 + -1?
3
Let t(l) = -l**2 + l - 1. Let v be t(2). What is the units digit of 14 + v - (-6)/(-2)?
8
Let u = -14 - -46. What is the units digit of u?
2
Let m be (4 - -29)/((-1)/(-7)). Suppose -3*p + m = 21. Suppose -h - p = -5*s + h, s = -4*h - 8. What is the tens digit of s?
1
Let t = -3 + 3. Suppose -l + 3*g + 38 = 0, -3*l = 2*g - 71 - 76. Suppose l = 4*m - z, t*m + 3*z - 24 = -3*m. What is the units digit of m?
1
Let p = -4 + -1. Let o = 5 + p. Suppose j - 2*j + 9 = o. What is the units digit of j?
9
Suppose -3*b = -4*t + 19, 0 = -5*t + t + 4*b + 20. Let r = -3 + t. What is the units digit of (2/(-2) - -4)/r?
3
Let x(o) = o**3 - 4*o**2 + 3*o + 4. Let q be x(3). Suppose 34 = 2*d + q*h, -2*h + 32 = 2*d + h. What is the tens digit of d?
1
Suppose 2 = 5*z - 3. Let o = z - 1. Suppose o = 4*d - 4, -2 = -r + 2*d - 1. What is the units digit of r?
3
Let b(w) = -w**3 + 7*w**2 + 7*w + 7. Let o be b(8). Let i be o/(-2 + 4 - 3). Let h(f) = 8*f**2 - 1. What is the units digit of h(i)?
7
Let o(u) = u**2 + 3*u - 6. Let g be o(-5). Suppose 5*c - 4*t + 64 = 0, 46 + 2 = -g*c + 4*t. Let i = -8 - c. What is the units digit of i?
8
Let p = 992 - 624. What is the units digit of p?
8
Let z(t) = -3*t + t - 5*t**3 - 1 + 2*t. Let w be z(-1). Suppose 5*o - 3*f = -w, -4*o - f + 6*f = 11. What is the units digit of o?
1
Let s = -2 - -73. What is the tens digit of s?
7
Suppose 0*f = -2*f. Suppose f = -4*k + k + 24. Let v(q) = -q**3 + 7*q**2 + 8*q + 3. What is the units digit of v(k)?
3
Let h be 399/5 + (-4)/(-20). Suppose 3*w + 2*w - h = 0. What is the tens digit of (52/w)/(2/8)?
1
Let n = 10 + -6. What is the tens digit of n/18 + (-88)/(-9)?
1
Let b(z) = 3*z**2 + 5*z + 3. Let g(y) = 4*y**2 + 6*y + 3. Let t(n) = -7*b(n) + 6*g(n). What is the units digit of t(4)?
9
Let w(y) = y**3 - 8*y**2 + 8*y - 1. Let s be w(7). Suppose s*f = 7*f - 6. What is the units digit of f?
6
Suppose 0 = -r + 4*r - 6, m - 201 = r. What is the units digit of m?
3
Suppose 0 = 5*a - 8 - 2. Let p = -38 - -40. Suppose -p*f = -4*o - 20, 5*o + 28 = a*f + 2*f. What is the units digit of f?
2
Let v be (-6)/21 + 74/14. Suppose -60 = -5*t - a - 3*a, v*t - 2*a = 30. What is the units digit of t?
8
Let n(t) = -t**3 - 6*t**2 - 5*t + 3. Let x(p) = -2*p**3 - 13*p**2 - 9*p + 5. Let f(z) = -7*n(z) + 4*x(z). What is the units digit of f(-10)?
9
Suppose -2*r = -0*r. Suppose r = -6*g + 2*g + 24. What is the units digit of g?
6
Suppose 3*a = 4*a - 65. Let y = -44 + a. What is the units digit of y?
1
Suppose 5*g - 150 = -0*g. What is the units digit of g?
0
Suppose 2*h + 0*h - 10 = 0. Suppose 4*i - 1 + h = 0. Let f = i - -3. What is the units digit of f?
2
Let i = -4 - -1. What is the units digit of ((-14)/(-4))/(i/(-6))?
7
Let p(k) = -k**2 - 12*k - 15. What is the units digit of p(-8)?
7
Let z(p) = 2*p - 10. Let b(t) = t - 5. Let r(g) = 13*b(g) - 6*z(g). Let u be r(8). Suppose 3*i + u*c - 51 = -i, -3*i + 52 = 5*c. What is the units digit of i?
9
Suppose -3*d + 9 + 27 = 0. Let h(n) = d - 7*n**2 + n**2 - 7*n + n**3 - 5. What is the units digit of h(7)?
7
Let k(l) be the first derivative of l**2/2 + 12*l + 3. What is the units digit of k(-6)?
6
Let f(w) = w**2 + 2*w - 4. What is the tens digit of f(-9)?
5
Let x = 1 - -2. Suppose -4*w = -44 - 44. Suppose -5*v = -x - w. What is the units digit of v?
5
Let n(h) = h**2 + 8*h - 1. Let v = -18 - -10. Let i be n(v). What is the units digit of i/(-5) - 8/(-10)?
1
Let p = -8 + 8. Let y be 1 + (p + -3 - 2). What is the units digit of (-2)/y*14 - 1?
6
Let x = -7 - -37. Suppose 3*w - x = w. What is the tens digit of w?
1
Suppose -7 = 4*v - 55. What is the tens digit of v?
1
Let u